11349997
List the prime factors of 24424441.
24424441
What are the prime factors of 77882506?
2, 13, 2995481
List the prime factors of 124131333.
3, 569, 72719
List the prime factors of 280477324.
2, 347, 397, 509
List the prime factors of 126545988.
2, 3, 113, 93323
What are the prime factors of 147173268?
2, 3, 11, 101359
List the prime factors of 3439088638.
2, 17107, 100517
List the prime factors of 899205035.
5, 43, 97, 43117
What are the prime factors of 937023929?
937023929
What are the prime factors of 26785828?
2, 181, 36997
What are the prime factors of 46174471?
7, 73, 109, 829
List the prime factors of 72848146.
2, 7, 5203439
What are the prime factors of 2550176726?
2, 53, 24058271
List the prime factors of 3717976049.
57271, 64919
What are the prime factors of 1680774839?
37, 45426347
What are the prime factors of 928556875?
5, 157, 9463
What are the prime factors of 313787589?
3, 347, 301429
List the prime factors of 7613291431.
19, 2693, 148793
List the prime factors of 538327982.
2, 67, 479, 8387
List the prime factors of 885875293.
43, 103, 200017
What are the prime factors of 1459208?
2, 179, 1019
List the prime factors of 1079207248.
2, 7, 41, 199, 1181
List the prime factors of 273550064.
2, 283, 60413
List the prime factors of 258686022.
2, 3, 7, 43, 227, 631
List the prime factors of 1915093135.
5, 2713, 141179
What are the prime factors of 5035305791?
27749, 181459
List the prime factors of 184983022.
2, 7, 73, 181001
What are the prime factors of 10789163?
7, 11, 37, 541
List the prime factors of 13427642.
2, 19, 353359
What are the prime factors of 122931287?
61, 2015267
List the prime factors of 153314844.
2, 3, 71, 179947
List the prime factors of 1551933859.
7, 17, 983, 13267
List the prime factors of 236446238.
2, 7, 31, 544807
What are the prime factors of 3566240559?
3, 7, 2137, 26489
List the prime factors of 270737024.
2, 2115133
List the prime factors of 71198060.
2, 5, 3559903
What are the prime factors of 9315368227?
11, 846851657
What are the prime factors of 41987139?
3, 947, 14779
List the prime factors of 155526187.
461, 337367
What are the prime factors of 340452590?
2, 5, 61, 89, 6271
List the prime factors of 1286291891.
10781, 119311
List the prime factors of 334073408.
2, 5219897
What are the prime factors of 265327723?
19, 13964617
What are the prime factors of 71899507?
71899507
What are the prime factors of 50952857?
50952857
List the prime factors of 181238418.
2, 3, 3356267
List the prime factors of 43357839.
3, 7, 73, 28283
List the prime factors of 1455260766.
2, 3, 242543461
What are the prime factors of 2146621187?
227, 9456481
What are the prime factors of 60778009?
17, 127, 28151
What are the prime factors of 221779673?
31, 7154183
What are the prime factors of 154180924?
2, 37, 59, 17657
List the prime factors of 40701625.
5, 359, 907
List the prime factors of 65347744.
2, 7, 11, 2411
List the prime factors of 38788341.
3, 29, 211, 2113
List the prime factors of 60590210.
2, 5, 17, 41, 8693
What are the prime factors of 876682?
2, 438341
What are the prime factors of 204504304?
2, 1471, 8689
List the prime factors of 872181398.
2, 11, 1949, 20341
List the prime factors of 199037173.
17, 11708069
List the prime factors of 83850790.
2, 5, 1907, 4397
List the prime factors of 10686987.
3, 19, 62497
List the prime factors of 806745918.
2, 3, 11, 2659, 4597
What are the prime factors of 986556035?
5, 10357, 19051
List the prime factors of 2175045168.
2, 3, 45313441
List the prime factors of 5182976303.
17, 304880959
List the prime factors of 963478986.
2, 3, 160579831
What are the prime factors of 1519076031?
3, 11, 46032607
List the prime factors of 321329422.
2, 1019, 157669
List the prime factors of 218021115.
3, 5, 13, 137, 8161
What are the prime factors of 96759846?
2, 3, 139, 4297
What are the prime factors of 69626881?
47, 829, 1787
List the prime factors of 234362247.
3, 7, 1594301
List the prime factors of 39986198.
2, 7, 347, 8231
List the prime factors of 124654865.
5, 24930973
List the prime factors of 1064752419.
3, 19, 2621, 7127
What are the prime factors of 168787224?
2, 3, 2344267
What are the prime factors of 40373430?
2, 3, 5, 1345781
List the prime factors of 122186584.
2, 13, 181, 6491
What are the prime factors of 55730686?
2, 11, 19, 133327
What are the prime factors of 446960079?
3, 107, 131, 1181
List the prime factors of 1599333529.
43, 37193803
List the prime factors of 474977527.
43, 11045989
What are the prime factors of 273543779?
19, 2099
What are the prime factors of 1265805049?
1265805049
List the prime factors of 86712302.
2, 43356151
What are the prime factors of 19969417?
13, 67, 101, 227
What are the prime factors of 19323807?
3, 6441269
What are the prime factors of 50338978?
2, 31, 811919
What are the prime factors of 4956869364?
2, 3, 413072447
List the prime factors of 298874486.
2, 4099, 36457
What are the prime factors of 353403017?
11, 367, 87541
What are the prime factors of 24435866?
2, 7, 13, 134263
List the prime factors of 5834691.
3, 19, 149, 229
What are the prime factors of 200877598?
2, 4127, 24337
List the prime factors of 9403249555.
5, 7, 103, 181, 14411
List the prime factors of 4260092658.
2, 3, 10067, 70529
What are the prime factors of 110389958?
2, 7, 41, 192317
List the prime factors of 258412407.
3, 11, 19, 367, 1123
What are the prime factors of 312997066?
2, 67, 409, 5711
What are the prime factors of 2601744198?
2, 3, 2063, 210191
What are the prime factors of 3376790?
2, 5, 43, 7853
List the prime factors of 46158257.
5417, 8521
What are the prime factors of 27111395?
5, 419, 12941
What are the prime factors of 85664351?
23, 3724537
List the prime factors of 127951280.
2, 5, 193, 8287
List the prime factors of 1600927803.
3, 29, 37, 165779
What are the prime factors of 32645851?
7, 29, 160817
List the prime factors of 56535164.
2, 7, 2019113
List the prime factors of 589994769.
3, 7, 13, 457, 4729
List the prime factors of 114926598.
2, 3, 6384811
List the prime factors of 384359842.
2, 271, 709151
List the prime factors of 37553073.
3, 12517691
List the prime factors of 225634275.
3, 5, 31, 41, 263
List the prime factors of 2231991798.
2, 3, 43, 541, 15991
List the prime factors of 550253424.
2, 3, 7, 29, 149, 379
List the prime factors of 974117.
17, 57301
What are the prime factors of 3924648341?
19, 7369, 28031
What are the prime factors of 17024252?
2, 7, 103, 5903
What are the prime factors of 2606217273?
3, 11, 26325427
List the prime factors of 26647474.
2, 7, 37, 7349
List the prime factors of 3271962360.
2, 3, 5, 41, 431, 1543
What are the prime factors of 213699412?
2, 47, 1136699
List the prime factors of 116813040.
2, 3, 5, 486721
List the prime factors of 676228030.
2, 5, 67622803
List the prime factors of 38955367.
11, 3541397
List the prime factors of 3656690.
2, 5, 365669
List the prime factors of 423655673.
7, 19, 67, 47543
List the prime factors of 34663061.
34663061
What are the prime factors of 1251830560?
2, 5, 1123, 6967
List the prime factors of 187778540.
2, 5, 359, 26153
List the prime factors of 103376323.
173, 597551
What are the prime factors of 4019032534?
2, 11, 182683297
List the prime factors of 14688543.
3, 4896181
List the prime factors of 568974587.
467, 761, 1601
What are the prime factors of 2334151?
17, 137303
List the prime factors of 1527495584.
2, 263, 181499
List the prime factors of 871046622.
2, 3, 1792277
What are the prime factors of 699147532?
2, 174786883
What are the prime factors of 175513322?
2, 23, 47, 81181
List the prime factors of 304997419.
304997419
List the prime factors of 33051759.
3, 13, 23, 36847
List the prime factors of 131649710.
2, 5, 1433, 9187
What are the prime factors of 80896284?
2, 3, 7, 321017
What are the prime factors of 68273085?
3, 5, 23, 197893
What are the prime factors of 45009782?
2, 22504891
What are the prime factors of 2186594079?
3, 97, 193, 38933
List the prime factors of 205067779.
7, 19, 1541863
List the prime factors of 229990659.
3, 76663553
What are the prime factors of 14285655?
3, 5, 317459
List the prime factors of 93171559.
13, 551311
What are the prime factors of 61349844?
2, 3, 5112487
What are the prime factors of 12268440